{"id":1408,"date":"2010-10-12T11:28:49","date_gmt":"2010-10-12T10:28:49","guid":{"rendered":"https:\/\/ericdesneux.fr\/?page_id=1408"},"modified":"2023-12-28T16:23:19","modified_gmt":"2023-12-28T16:23:19","slug":"amnesie","status":"publish","type":"page","link":"https:\/\/ericdesneux.fr\/?page_id=1408","title":{"rendered":"AMNESIE"},"content":{"rendered":"<p>Vid\u00e9o-installation (1999) &#8211;<em> Co-r\u00e9alisation DesneuxDesrez<\/em><em><br \/>\n<\/em> <em><em><span style=\"color: #888888;\">Cr\u00e9\u00e9 \u00e0 l&#8217;occasion des journ\u00e9es Ateliers Portes Ouvertes des APLA (Paris 20\u00e8me) de mai 1999.<\/span><\/em><\/em><br \/>\n<img decoding=\"async\" src=\"http:\/\/e.desneux.free.fr\/wp-content\/uploads\/2010\/10\/amnesiex2.jpg\" alt=\"\" \/> <img decoding=\"async\" src=\"http:\/\/e.desneux.free.fr\/wp-content\/uploads\/2010\/10\/amnesiex3.jpg\" alt=\"\" \/>\u00a0<img decoding=\"async\" src=\"http:\/\/e.desneux.free.fr\/wp-content\/uploads\/2010\/10\/amnesiex4.jpg\" alt=\"\" \/><br \/>\n&#8220;Que pouvez-vous nous dire pour nous aider \u00e0 retrouver notre identit\u00e9 humaine ? &#8221;<br \/>\n<span style=\"font-style: normal;\"><strong>Vid\u00e9o (35&#8242;) : <\/strong>Deux hommes frapp\u00e9s d&#8217;amn\u00e9sie, tentent de retrouver la m\u00e9moire (et le sens de la vie) en interrogeant hommes et femmes dans la rue. La vid\u00e9o est le fruit de leurs \u00e9changes.<\/span><br \/>\n<span style=\"font-style: normal;\"><strong>Installation :<\/strong> la vid\u00e9o est diffus\u00e9e en boucle \u00a0sur un t\u00e9l\u00e9viseur situ\u00e9 dans un garage au milieu de cinq &#8220;petites maisons&#8221; construites avec des tasseaux de bois. Ces structures fragiles font \u00e9cho \u00e0 la construction de soi.<\/span><\/p>\n<p><em><span style=\"color: #696969;\">&gt;&gt;&gt; \u00ab\u00a0Amn\u00e9sie\u00a0\u00bb est la premi\u00e8re des trois installations vid\u00e9o r\u00e9alis\u00e9es avec C\u00e9dric Desrez. \u00a0Son point de d\u00e9part\u00a0? Un \u00e9change anodin sur la vie, la mort et la perte de m\u00e9moire. L\u2019id\u00e9e nous est venu de nous faire passer (fictivement) pour amn\u00e9sique et de solliciter des passants anonymes pour nous aider \u00e0 reconstituer \u00ab\u00a0notre identit\u00e9 humaine\u00a0\u00bb. La force du film tient dans la fra\u00eecheur et la spontan\u00e9it\u00e9 des \u00e9changes que nous avons nou\u00e9s. L\u2019image est compl\u00e8tement chahut\u00e9e, mais \u00e0 sa mani\u00e8re elle refl\u00e8te bien l\u2019\u00e9tat d\u2019inconscience et d\u2019ignorance dans lequel nous \u00e9tions cens\u00e9s \u00eatre. Le film, diffus\u00e9 en boucle dans un garage \u00e0 l\u2019occasion de journ\u00e9es \u00ab\u00a0Ateliers portes ouvertes\u00a0\u00bb, connut un franc succ\u00e8s et suscita de nombreux \u00e9changes avec les visiteurs. L\u2019installation y fut pour beaucoup. L\u2019\u00e9cran de t\u00e9l\u00e9vision, pos\u00e9 sur un socle, \u00e9tait entour\u00e9 de &#8220;petites maisons&#8221; construites avec des tasseaux de bois et meubl\u00e9es d\u2019images et de mots. Une \u00e9vocation de la construction de soi qui compl\u00e9tait bien les propos de la vid\u00e9o.&#8221;<\/span><\/em><\/p>\n<p><a href=\"https:\/\/ericdesneux.fr\/?page_id=2912\"><strong>&lt;&lt;&lt; retour \u00e0 FILMOGRAPHIE<\/strong><\/a><\/p>\n","protected":false},"excerpt":{"rendered":"<p>Vid\u00e9o-installation (1999) &#8211; Co-r\u00e9alisation DesneuxDesrez Cr\u00e9\u00e9 \u00e0 l&#8217;occasion des journ\u00e9es Ateliers Portes Ouvertes des APLA (Paris 20\u00e8me) de mai 1999. \u00a0 &#8220;Que pouvez-vous<\/p>\n","protected":false},"author":1,"featured_media":0,"parent":2912,"menu_order":0,"comment_status":"closed","ping_status":"closed","template":"","meta":{"footnotes":""},"class_list":["post-1408","page","type-page","status-publish","hentry","two-columns"],"_links":{"self":[{"href":"https:\/\/ericdesneux.fr\/index.php?rest_route=\/wp\/v2\/pages\/1408","targetHints":{"allow":["GET"]}}],"collection":[{"href":"https:\/\/ericdesneux.fr\/index.php?rest_route=\/wp\/v2\/pages"}],"about":[{"href":"https:\/\/ericdesneux.fr\/index.php?rest_route=\/wp\/v2\/types\/page"}],"author":[{"embeddable":true,"href":"https:\/\/ericdesneux.fr\/index.php?rest_route=\/wp\/v2\/users\/1"}],"replies":[{"embeddable":true,"href":"https:\/\/ericdesneux.fr\/index.php?rest_route=%2Fwp%2Fv2%2Fcomments&post=1408"}],"version-history":[{"count":3,"href":"https:\/\/ericdesneux.fr\/index.php?rest_route=\/wp\/v2\/pages\/1408\/revisions"}],"predecessor-version":[{"id":5638,"href":"https:\/\/ericdesneux.fr\/index.php?rest_route=\/wp\/v2\/pages\/1408\/revisions\/5638"}],"up":[{"embeddable":true,"href":"https:\/\/ericdesneux.fr\/index.php?rest_route=\/wp\/v2\/pages\/2912"}],"wp:attachment":[{"href":"https:\/\/ericdesneux.fr\/index.php?rest_route=%2Fwp%2Fv2%2Fmedia&parent=1408"}],"curies":[{"name":"wp","href":"https:\/\/api.w.org\/{rel}","templated":true}]}}