{"id":1402,"date":"2010-10-12T11:30:57","date_gmt":"2010-10-12T10:30:57","guid":{"rendered":"https:\/\/ericdesneux.fr\/?page_id=1402"},"modified":"2024-01-02T23:36:07","modified_gmt":"2024-01-02T23:36:07","slug":"le-jardin-qui-ne-fane-pas","status":"publish","type":"page","link":"https:\/\/ericdesneux.fr\/?page_id=1402","title":{"rendered":"LE JARDIN QUI NE FANE PAS"},"content":{"rendered":"<p><img loading=\"lazy\" decoding=\"async\" class=\"wp-image-6134 alignleft\" src=\"https:\/\/ericdesneux.fr\/wp-content\/uploads\/2024\/01\/jardin-16-300x179-1.jpg\" alt=\"\" width=\"199\" height=\"119\"><img loading=\"lazy\" decoding=\"async\" class=\"wp-image-6133 alignleft\" src=\"https:\/\/ericdesneux.fr\/wp-content\/uploads\/2024\/01\/jardin-15-300x179.jpg\" alt=\"\" width=\"199\" height=\"119\" srcset=\"https:\/\/ericdesneux.fr\/wp-content\/uploads\/2024\/01\/jardin-15-300x179.jpg 300w, https:\/\/ericdesneux.fr\/wp-content\/uploads\/2024\/01\/jardin-15-600x358.jpg 600w, https:\/\/ericdesneux.fr\/wp-content\/uploads\/2024\/01\/jardin-15.jpg 720w\" sizes=\"auto, (max-width: 199px) 100vw, 199px\" \/><img loading=\"lazy\" decoding=\"async\" class=\"wp-image-6130 alignleft\" src=\"https:\/\/ericdesneux.fr\/wp-content\/uploads\/2024\/01\/jardin-5-1024x611-1-300x179.jpg\" alt=\"\" width=\"199\" height=\"119\" srcset=\"https:\/\/ericdesneux.fr\/wp-content\/uploads\/2024\/01\/jardin-5-1024x611-1-300x179.jpg 300w, https:\/\/ericdesneux.fr\/wp-content\/uploads\/2024\/01\/jardin-5-1024x611-1-768x458.jpg 768w, https:\/\/ericdesneux.fr\/wp-content\/uploads\/2024\/01\/jardin-5-1024x611-1-600x358.jpg 600w, https:\/\/ericdesneux.fr\/wp-content\/uploads\/2024\/01\/jardin-5-1024x611-1.jpg 1024w\" sizes=\"auto, (max-width: 199px) 100vw, 199px\" \/><\/p>\n<p><span style=\"font-weight: normal;\"><\/p>\n<p>Animation exp\u00e9rimentale (9&#8242;) (2005). R\u00e9alisation Eric Desneux.<\/span><br \/>\n<span style=\"color: #888888;\"><em>Cr\u00e9\u00e9 \u00e0 la demande de l&#8217;artiste peintre Nicole Propp pour accompagner l&#8217;exposition de ses tableaux<\/em><\/span><\/p>\n<p class=\"MsoNormal\"><span style=\"font-style: normal;\"><span style=\"font-weight: normal;\">Une \u00e9vocation du jardin d\u2019Eden \u00e0 partir des peintures de Nicole Propp. <\/span><\/span>Ce film allie sur une musique contemporaine originale, animations 2D- 3D, peintures. et extraits parl\u00e9s des Ecritures (Bible, Coran et R\u00e9v\u00e9lation d&#8217;Ar\u00e8s dont vient le titre du film).<\/p>\n<p class=\"MsoNormal\"><span style=\"font-weight: normal;\">Les animations &nbsp;et la musique qui ont servi de mati\u00e8re brute au film, ont \u00e9t\u00e9 cr\u00e9\u00e9es \u00e0 l\u2019aide d\u2019un \u00ab&nbsp;M\u00e9ta&nbsp;\u00bb, un nouvel instrument de musique assist\u00e9 par ordinateur cr\u00e9\u00e9 par Serge de Laubier. Cet instrument permet de g\u00e9n\u00e9rer simultan\u00e9ment en temps r\u00e9el, des animations et des sons \u00e0 partir d\u2019une biblioth\u00e8que de motifs choisis. Dans ce cas, les motifs furent extraits des peintures de Nicole Propp.<\/p>\n<p><img loading=\"lazy\" decoding=\"async\" class=\"wp-image-6132 aligncenter\" src=\"https:\/\/ericdesneux.fr\/wp-content\/uploads\/2024\/01\/jardin-11-1024x611-1-300x179.jpg\" alt=\"\" width=\"570\" height=\"340\" srcset=\"https:\/\/ericdesneux.fr\/wp-content\/uploads\/2024\/01\/jardin-11-1024x611-1-300x179.jpg 300w, https:\/\/ericdesneux.fr\/wp-content\/uploads\/2024\/01\/jardin-11-1024x611-1-768x458.jpg 768w, https:\/\/ericdesneux.fr\/wp-content\/uploads\/2024\/01\/jardin-11-1024x611-1-600x358.jpg 600w, https:\/\/ericdesneux.fr\/wp-content\/uploads\/2024\/01\/jardin-11-1024x611-1.jpg 1024w\" sizes=\"auto, (max-width: 570px) 100vw, 570px\" \/><br \/>\n<\/span><\/p>\n<p class=\"MsoNormal\"><span style=\"color: #696969;\"><em><span style=\"color: #696969;\">&gt;&gt;&gt; Nicole Propp est peintre. Elle puise son inspiration dans des motifs floraux qu\u2019elle reproduit sur de grandes toiles, avec des couleurs vives. La force d\u2019expression de ses tableaux ne laisse personne indiff\u00e9rent. J\u2019ai \u00e9t\u00e9 conquis par son travail et nous sommes devenus amis. Elle a eu l\u2019id\u00e9e de ce film pour accompagner ses expositions et m\u2019a demand\u00e9 d\u2019en assurer la r\u00e9alisation. J&#8217;ai compos\u00e9 ce film comme une symphonie en trois mouvements qui \u00e9voquent successivement la cr\u00e9ation, la chute, et la recr\u00e9ation du jardin d\u2019Eden, th\u00e8me r\u00e9current dans la Parole, source d&#8217;inspiration de Nicole Propp. Les animations ont \u00e9t\u00e9 r\u00e9alis\u00e9es \u00e0 partir de s\u00e9quences produites par un &#8220;meta instrument&#8221;, piano num\u00e9rique invent\u00e9 par Serge de Laubier qui resitue simultan\u00e9ment images et sons. Lors des sc\u00e9ances de cr\u00e9ation et d&#8217;enregistrement des animations brutes qui ont servi au film, Serge s&#8217;est laiss\u00e9 envahir par le projet et a jou\u00e9 de son instrument pendant pr\u00e8s d&#8217;une demi heure sans interruption. De retour \u00e0 mon atelier, j&#8217;ai condens\u00e9 sa partition en ce morceau de 9 minutes en assemblant les sons comme j&#8217;ai assembl\u00e9c les images. en les compositant.&#8221;<\/span><\/em><\/span><\/p>\n<p><a href=\"https:\/\/ericdesneux.fr\/?page_id=2912\"><strong>&lt;&lt;&lt; retour \u00e0 FILMOGRAPHIE<\/strong><\/a><\/p>\n","protected":false},"excerpt":{"rendered":"<p>Animation exp\u00e9rimentale (9&#8242;) (2005). R\u00e9alisation Eric Desneux. Cr\u00e9\u00e9 \u00e0 la demande de l&#8217;artiste peintre Nicole Propp pour accompagner l&#8217;exposition de ses tableaux Une<\/p>\n","protected":false},"author":1,"featured_media":0,"parent":2912,"menu_order":0,"comment_status":"closed","ping_status":"closed","template":"","meta":{"footnotes":""},"class_list":["post-1402","page","type-page","status-publish","hentry","two-columns"],"_links":{"self":[{"href":"https:\/\/ericdesneux.fr\/index.php?rest_route=\/wp\/v2\/pages\/1402","targetHints":{"allow":["GET"]}}],"collection":[{"href":"https:\/\/ericdesneux.fr\/index.php?rest_route=\/wp\/v2\/pages"}],"about":[{"href":"https:\/\/ericdesneux.fr\/index.php?rest_route=\/wp\/v2\/types\/page"}],"author":[{"embeddable":true,"href":"https:\/\/ericdesneux.fr\/index.php?rest_route=\/wp\/v2\/users\/1"}],"replies":[{"embeddable":true,"href":"https:\/\/ericdesneux.fr\/index.php?rest_route=%2Fwp%2Fv2%2Fcomments&post=1402"}],"version-history":[{"count":5,"href":"https:\/\/ericdesneux.fr\/index.php?rest_route=\/wp\/v2\/pages\/1402\/revisions"}],"predecessor-version":[{"id":6139,"href":"https:\/\/ericdesneux.fr\/index.php?rest_route=\/wp\/v2\/pages\/1402\/revisions\/6139"}],"up":[{"embeddable":true,"href":"https:\/\/ericdesneux.fr\/index.php?rest_route=\/wp\/v2\/pages\/2912"}],"wp:attachment":[{"href":"https:\/\/ericdesneux.fr\/index.php?rest_route=%2Fwp%2Fv2%2Fmedia&parent=1402"}],"curies":[{"name":"wp","href":"https:\/\/api.w.org\/{rel}","templated":true}]}}